 base 13, what is 10276 + 5?
1027b
In base 4, what is -12 - 23300132?
-23300210
In base 11, what is 5 - -2a4715?
2a471a
In base 7, what is 3 + 114451?
114454
In base 7, what is 6211300 + -3?
6211264
In base 4, what is -1 + 2330011323?
2330011322
In base 4, what is -10 - 10221101?
-10221111
In base 6, what is -33450 - -2?
-33444
In base 11, what is -6846 - 33?
-6879
In base 13, what is ca35 + 10?
ca45
In base 4, what is -131 - 3203130?
-3203321
In base 3, what is -1001 + -10022011?
-10100012
In base 16, what is -3 - 2102?
-2105
In base 12, what is 1b85 - -1a5?
216a
In base 7, what is 2 + 131230?
131232
In base 6, what is 15043 + 53?
15140
In base 9, what is 4 + 48316?
48321
In base 16, what is 4 - -f93d?
f941
In base 9, what is 141 - 60716?
-60565
In base 15, what is 8 + 3b4?
3bc
In base 6, what is 5 - -304415?
304424
In base 9, what is 11627 - -22?
11650
In base 6, what is -431414 + 4?
-431410
In base 15, what is c - -134?
141
In base 4, what is 13110330 - 10?
13110320
In base 4, what is -12 + 11331030?
11331012
In base 7, what is -4315 - 15200?
-22515
In base 14, what is -7730 + -5?
-7735
In base 6, what is 3440 - -12?
3452
In base 11, what is 0 - 90401?
-90401
In base 13, what is -71 + 11?
-60
In base 8, what is 1 + 37156?
37157
In base 9, what is -237268 - 10?
-237278
In base 9, what is -1071 - -5?
-1065
In base 6, what is 241 + 23350?
24031
In base 4, what is 10 - 1203220102?
-1203220032
In base 7, what is -11064 - 0?
-11064
In base 8, what is -7651176 + 4?
-7651172
In base 11, what is a - -6439?
6448
In base 13, what is -4 + -867c?
-8683
In base 4, what is -2 + 2130110?
2130102
In base 9, what is 15 + 717?
733
In base 12, what is 1094a + 23?
10971
In base 2, what is 100111000 + -11101011011?
-11000100011
In base 4, what is -10 - 11030230121?
-11030230131
In base 15, what is 80d + 260?
a6d
In base 6, what is 113415 + 1043?
114502
In base 13, what is 38a29 + -4?
38a25
In base 9, what is -5 - 14386?
-14402
In base 3, what is -10222 - 1?
-11000
In base 15, what is 2e - 55b?
-52c
In base 8, what is 54336 - -2?
54340
In base 10, what is -100 - 164?
-264
In base 6, what is 0 + -13553510?
-13553510
In base 9, what is 128 + -23088?
-22860
In base 3, what is 20 - 121211?
-121121
In base 7, what is 4 + 12431?
12435
In base 3, what is 11022 - -20000?
101022
In base 2, what is -10 - 110110101001111?
-110110101010001
In base 16, what is -35 + -51bb?
-51f0
In base 15, what is -319 - -73c?
423
In base 3, what is 2001 + 102021?
111022
In base 4, what is 122 + 213?
1001
In base 4, what is -1120011002 - -2?
-1120011000
In base 16, what is 5 - ab3b?
-ab36
In base 16, what is 2 + -224c?
-224a
In base 4, what is 3312100 - -100?
3312200
In base 15, what is 3 - -97b3c?
97b40
In base 4, what is 3 - -2010300?
2010303
In base 5, what is 4342333 + -2?
4342331
In base 9, what is -457 - 126?
-584
In base 16, what is 0 - 7acc?
-7acc
In base 4, what is 203232022 - -2?
203232030
In base 7, what is 3451 + -34?
3414
In base 14, what is -671 - -2c?
-643
In base 2, what is 111101110011000 - 1001011?
111101101001101
In base 5, what is -3001232 - 231?
-3002013
In base 9, what is -35 + -86?
-132
In base 2, what is 1001000 - -1001111?
10010111
In base 14, what is 67ac + -10?
679c
In base 4, what is -3013231 - -2331?
-3010300
In base 10, what is 0 + 29687?
29687
In base 11, what is 22 + -138?
-116
In base 5, what is -1414032133 + -3?
-1414032141
In base 4, what is 10023231 + -30?
10023201
In base 6, what is -13 + 4511?
4454
In base 6, what is -1 - -2112142?
2112141
In base 3, what is 2110022111 + 2?
2110022120
In base 12, what is a96 + -6?
a90
In base 9, what is -24 + 1576?
1552
In base 16, what is 1 - -1e7f8?
1e7f9
In base 10, what is 1134 + -4168?
-3034
In base 13, what is 58abaa - 2?
58aba8
In base 16, what is 35a3 - 0?
35a3
In base 4, what is 10103 - -222?
10331
In base 3, what is 1021102210 + 10?
1021102220
In base 16, what is -18 + 1a775?
1a75d
In base 16, what is -3950 + -b?
-395b
In base 12, what is 8 - 11075?
-11069
In base 11, what is -79 + 1830?
1762
In base 3, what is -11 - -101122102?
101122021
In base 15, what is bb + a3?
16e
In base 12, what is 2 - -133183?
133185
In base 3, what is -1221111 + -2?
-1221120
In base 8, what is 2 - -16366?
16370
In base 9, what is -2 + -31524?
-31526
In base 15, what is 28a87 + 8?
28a90
In base 7, what is 5 + 1464615?
1464623
In base 15, what is -4c3 - -2d2?
-1e1
In base 8, what is 16 - -224357?
224375
In base 11, what is 2920 + -28?
28a3
In base 11, what is -5 - -a63a?
a635
In base 6, what is 1013 - -142?
1155
In base 4, what is -10110 + -30210?
-100320
In base 9, what is -232618 + -3?
-232622
In base 8, what is -422 + 261?
-141
In base 16, what is -16 + -aea?
-b00
In base 6, what is 4 + -215352?
-215344
In base 12, what is -74b59 - -2?
-74b57
In base 2, what is 101100001101001111 + 100?
101100001101010011
In base 9, what is -25 - 1822?
-1847
In base 12, what is -76677 - 2?
-76679
In base 13, what is -5 + 53c9?
53c4
In base 4, what is -23 - -1113133?
1113110
In base 14, what is -5 + 5034?
502d
In base 7, what is 45243 + 3?
45246
In base 13, what is -1 + -c278b?
-c278c
In base 12, what is 8b3 + -173?
740
In base 6, what is -442423 - 4?
-442431
In base 16, what is -2 - -22842?
22840
In base 5, what is -134330 + -30?
-134410
In base 2, what is 10 + -101111011101010011101?
-101111011101010011011
In base 3, what is 2121 - 1121212?
-1112021
In base 4, what is 123131 + 101?
123232
In base 12, what is -11 - b877?
-b888
In base 5, what is 132412 - 42?
132320
In base 14, what is 259 + 11?
26a
In base 10, what is 19686 - 3?
19683
In base 9, what is 1444 - 406?
1037
In base 13, what is 1c6 - 4044?
-3b4b
In base 12, what is 8 - 1204?
-11b8
In base 14, what is -c927a - -4?
-c9276
In base 12, what is -451 - a3?
-534
In base 15, what is -2b9 - -d?
-2ab
In base 8, what is -4007 + -13?
-4022
In base 16, what is 231 - 4f7?
-2c6
In base 10, what is -1442611 - 4?
-1442615
In base 4, what is 3 + -13023311?
-13023302
In base 7, what is -4055 - -25?
-4030
In base 14, what is -5b - 7?
-64
In base 5, what is 10 - 214431?
-214421
In base 10, what is 10532 - 40?
10492
In base 4, what is 12311301 - -10?
12311311
In base 15, what is 1d7 + 39?
221
In base 2, what is 100010001 + 1011011110?
1111101111
In base 11, what is 133 + -138?
-5
In base 16, what is -1df8b - -3?
-1df88
In base 12, what is -116a + -25?
-1193
In base 15, what is -3e + 33?
-b
In base 3, what is -101220 + -10021?
-112011
In base 4, what is 2013 + -311302?
-303223
In base 8, what is 42561 + 43?
42624
In base 14, what is -43a - -22?
-418
In base 5, what is 0 - -22134212?
22134212
In base 15, what is 9 + -c485?
-c47b
In base 6, what is 44 - -4321?
4405
In base 13, what is -108 - c04?
-100c
In base 9, what is -7 + 3542?
3534
In base 8, what is 0 - -125601?
125601
In base 15, what is 15a + -e6?
64
In base 12, what is 40 - -672?
6b2
In base 4, what is 200222 - -2011?
202233
In base 13, what is 0 + 19ab?
19ab
In base 11, what is 3994 - -8?
39a1
In base 14, what is 38b3 - 2c?
3885
In base 3, what is -1101221 - 1112102?
-2221100
In base 16, what is -19450 + 7?
-19449
In base 5, what is -100041 + -214?
-100310
In base 12, what is -20 - 401?
-421
In base 6, what is 2415242 + 2?
2415244
In base 6, what is -50311 + 5?
-50302
In base 6, what is 2212 + 220?
2432
In base 3, what is 1222 - -12011112?
12020111
In base 12, what is 2 + 15521?
15523
In base 2, what is -10 + -11011110010000101?
-11011110010000111
In base 5, what is 2012223 - -3?
2012231
In base 5, what is -431024 - 10?
-431034
In base 8, what is -64 - 1360?
-1444
In base 11, what is 45 + -148?
-103
In base 12, what is -b3 - -5a4?
4b1
In base 11, what is -251 + -a19?
-116a
In base 16, what is 2c3 - 9?
2ba
In base 3, what is 1101120 + 100122?
1202012
In base 9, what is -30 - -2077?
2047
In base 3, what is -11012 + -11201100?
-11212112
In base 13, what is -264 + -12?
-276
In base 12, what is 15a27 + -198?
1584b
In base 16, what is -36c - 169?
-4d5
In base 9, what is 3 - 401600?
-401586
In base 4, what is -2230003 - -2?
-2230001
In base 9, what is -84383 - -147?
-84235
In base 3, what is 221 - -222020?
1000011
In base 12, what is -4 - 15185?
-15189
In base 3, what is -101200010 - 22101?
-101222111
In base 4, what is -11 + 1131032?
1131021
In base 11,